 greatest common factor of 14576 and 608?
16
What is the greatest common divisor of 109876 and 156?
52
What is the greatest common factor of 6 and 262623?
3
Calculate the greatest common factor of 126 and 14598.
18
What is the greatest common divisor of 62836 and 184?
92
What is the highest common factor of 10503 and 4279?
389
What is the greatest common factor of 26125 and 285?
95
Calculate the greatest common divisor of 28404 and 5292.
108
Calculate the highest common factor of 5691 and 25543.
7
Calculate the highest common divisor of 2114 and 1541710.
302
Calculate the greatest common factor of 42 and 108969.
21
Calculate the greatest common divisor of 34454 and 428.
214
What is the highest common factor of 129673 and 40796?
1457
Calculate the highest common divisor of 480 and 628032.
96
What is the greatest common factor of 270 and 189900?
90
What is the greatest common factor of 2262 and 4017?
39
Calculate the greatest common divisor of 46050 and 600.
150
Calculate the greatest common divisor of 94359 and 2343.
213
What is the greatest common factor of 338 and 884?
26
Calculate the greatest common factor of 15563 and 2291.
79
Calculate the highest common factor of 2736125 and 875.
875
What is the greatest common factor of 356 and 87398?
178
Calculate the highest common divisor of 49249 and 408.
17
Calculate the highest common factor of 22998 and 30.
6
Calculate the highest common divisor of 588900 and 48924.
1812
Calculate the highest common divisor of 1007 and 144319.
53
Calculate the greatest common factor of 20711 and 447.
149
Calculate the highest common divisor of 527 and 935952.
527
What is the highest common factor of 101304 and 186?
6
Calculate the highest common factor of 3709290 and 390.
390
Calculate the greatest common factor of 65330 and 20.
10
What is the highest common divisor of 184 and 222?
2
What is the highest common divisor of 818 and 464?
2
Calculate the highest common factor of 113509 and 1309.
187
What is the highest common factor of 428458 and 649?
59
What is the greatest common divisor of 1829 and 27?
1
Calculate the greatest common factor of 7992 and 376068.
444
What is the highest common factor of 732 and 137006?
122
What is the highest common factor of 105 and 4101?
3
Calculate the highest common factor of 1544 and 341610.
386
Calculate the highest common divisor of 6193 and 781.
11
What is the greatest common factor of 49120 and 34880?
160
Calculate the highest common factor of 5200 and 136175.
325
What is the highest common factor of 2119 and 652?
163
What is the highest common divisor of 570 and 15630?
30
Calculate the highest common factor of 35697 and 438.
219
What is the greatest common divisor of 77792 and 75140?
884
Calculate the highest common divisor of 16704 and 406.
58
What is the highest common factor of 190428 and 378?
42
Calculate the highest common divisor of 124 and 153692.
4
Calculate the highest common divisor of 360 and 68580.
180
What is the greatest common factor of 5731 and 539?
11
What is the greatest common divisor of 2324 and 56?
28
What is the highest common divisor of 1224 and 2412?
36
What is the greatest common factor of 43905 and 135?
15
Calculate the highest common factor of 1116202 and 394.
394
Calculate the highest common factor of 1376 and 51488.
32
Calculate the highest common factor of 266659 and 74.
37
What is the highest common divisor of 4350 and 2575?
25
Calculate the highest common divisor of 100832 and 276.
92
What is the highest common factor of 20704 and 96?
32
Calculate the greatest common divisor of 471092 and 4.
4
What is the greatest common factor of 2 and 28682?
2
What is the greatest common factor of 171 and 4389?
57
What is the greatest common divisor of 84 and 432054?
42
What is the greatest common factor of 254184 and 672?
168
Calculate the greatest common factor of 2485924 and 7.
7
What is the greatest common factor of 688320 and 144?
144
Calculate the highest common divisor of 3150 and 4830.
210
What is the greatest common divisor of 40536 and 1656?
72
Calculate the greatest common divisor of 589572 and 432.
108
Calculate the greatest common divisor of 44 and 126.
2
Calculate the greatest common divisor of 21626 and 176.
22
Calculate the greatest common factor of 2710 and 11111.
271
What is the greatest common divisor of 70574 and 42?
14
Calculate the greatest common factor of 395238 and 399.
57
What is the highest common factor of 1132865 and 115?
115
What is the greatest common factor of 77 and 746669?
77
What is the greatest common factor of 212 and 59042?
106
Calculate the greatest common divisor of 11080 and 640.
40
Calculate the highest common factor of 374 and 35354.
22
Calculate the greatest common factor of 16588 and 198198.
286
What is the highest common divisor of 308 and 4521?
11
Calculate the greatest common divisor of 153018 and 108.
18
Calculate the greatest common factor of 184 and 16238.
46
Calculate the highest common factor of 35 and 59080.
35
What is the highest common divisor of 7361 and 51?
17
What is the highest common divisor of 120838 and 62?
62
Calculate the highest common factor of 275 and 198675.
25
Calculate the greatest common factor of 345 and 69.
69
What is the greatest common divisor of 2283750 and 315?
315
Calculate the greatest common divisor of 150 and 59775.
75
What is the greatest common divisor of 1160 and 28855?
145
What is the highest common factor of 58500 and 3300?
300
Calculate the highest common factor of 8616158 and 38.
38
Calculate the greatest common divisor of 170 and 274958.
34
What is the greatest common divisor of 2890 and 1790?
10
Calculate the greatest common divisor of 9807028 and 34.
34
What is the greatest common divisor of 261 and 118929?
87
What is the highest common factor of 29818 and 475334?
1754
Calculate the highest common divisor of 88 and 1378256.
88
What is the greatest common factor of 11675 and 325?
25
What is the highest common divisor of 3556 and 1246?
14
What is the highest common factor of 461 and 1225799?
461
Calculate the greatest common factor of 1935 and 1265.
5
What is the greatest common divisor of 2112 and 28963?
11
Calculate the greatest common factor of 60145 and 460.
115
Calculate the highest common factor of 15974 and 56.
14
Calculate the greatest common factor of 14688 and 1530.
306
Calculate the greatest common factor of 300898 and 652.
326
What is the highest common factor of 280123 and 746?
373
Calculate the greatest common divisor of 152595 and 135.
45
Calculate the greatest common divisor of 76312 and 32.
8
What is the greatest common factor of 17 and 1444?
1
What is the highest common divisor of 920 and 2668460?
460
Calculate the highest common factor of 10984013 and 31.
31
Calculate the greatest common divisor of 22897 and 7.
7
Calculate the highest common divisor of 48 and 7419.
3
Calculate the greatest common divisor of 8 and 2344856.
8
What is the highest common factor of 525 and 51200?
25
What is the highest common factor of 706328 and 56?
56
What is the greatest common divisor of 225 and 2425?
25
Calculate the greatest common divisor of 7222224 and 144.
48
Calculate the greatest common divisor of 54 and 473985.
27
What is the highest common factor of 600 and 5756280?
120
Calculate the greatest common divisor of 897400 and 10.
10
Calculate the highest common divisor of 127253 and 5724.
53
Calculate the highest common factor of 453 and 8086503.
453
What is the highest common divisor of 1342 and 1726910?
122
What is the highest common divisor of 9684 and 217083?
807
Calculate the greatest common divisor of 754 and 24273.
29
Calculate the greatest common divisor of 62 and 163711.
31
Calculate the highest common divisor of 4059154 and 44.
22
Calculate the highest common divisor of 2200 and 170830.
110
Calculate the greatest common divisor of 745838 and 1826.
166
What is the highest common factor of 45023 and 792?
11
What is the highest common divisor of 487410 and 3080?
770
Calculate the greatest common factor of 1382137 and 717.
239
Calculate the greatest common divisor of 12322439 and 134.
67
What is the greatest common factor of 1997689 and 549?
61
What is the highest common divisor of 1128 and 269263?
47
What is the highest common divisor of 1139954 and 469